{"id":100,"date":"2019-03-16T22:09:35","date_gmt":"2019-03-16T21:09:35","guid":{"rendered":"https:\/\/emperorsboardgame.cz\/?page_id=100"},"modified":"2026-04-04T15:16:14","modified_gmt":"2026-04-04T15:16:14","slug":"tym","status":"publish","type":"page","link":"https:\/\/www.emperorsboardgame.cz\/?page_id=100","title":{"rendered":"T\u00fdm"},"content":{"rendered":"\n<div class=\"wp-block-columns is-layout-flex wp-container-core-columns-is-layout-28f84493 wp-block-columns-is-layout-flex\">\n<div class=\"wp-block-column is-layout-flow wp-block-column-is-layout-flow\">\n<div class=\"wp-block-ugb-team-member ugb-team-member ugb-9e006e8 ugb-team-member--v3 ugb-team-member--design-plain ugb-team-member--columns-1 ugb-main-block\">\n    <style>\n        .ugb-9e006e8 .ugb-img {\n            -webkit-mask-image: url('data:image\/svg+xml;base64,PHN2ZyB2aWV3Qm94PSIwIDAgMTAwIDEwMCIgeG1sbnM9Imh0dHA6Ly93d3cudzMub3JnLzIwMDAvc3ZnIj48Y2lyY2xlIGN4PSI1MCIgY3k9IjUwIiByPSI1MCI+PC9jaXJjbGU+PC9zdmc+');\n            mask-image: url('data:image\/svg+xml;base64,PHN2ZyB2aWV3Qm94PSIwIDAgMTAwIDEwMCIgeG1sbnM9Imh0dHA6Ly93d3cudzMub3JnLzIwMDAvc3ZnIj48Y2lyY2xlIGN4PSI1MCIgY3k9IjUwIiByPSI1MCI+PC9jaXJjbGU+PC9zdmc+');\n        }\n        @media screen and (min-width:768px) {\n            .ugb-9e006e8 .ugb-img {\n                width: 150px;\n                height: auto !important;\n            }\n        }\n        @media screen and (min-width:1025px) {\n            .ugb-9e006e8 .ugb-team-member__image {\n                width: 150px !important;\n            }\n        }\n    <\/style>\n    <div class=\"ugb-inner-block\">\n        <div class=\"ugb-block-content\">\n            <div class=\"ugb-team-member__item ugb-team-member__item1\">\n                <div class=\"ugb-team-member__image\">\n                    <img loading=\"lazy\" decoding=\"async\" width=\"837\" height=\"837\" class=\"ugb-img wp-image-101 ugb-img--shape\" src=\"https:\/\/emperorsboardgame.wasmer.app\/wp-content\/uploads\/2019\/03\/jarda.jpg\" alt=\"JAROSLAV KOBYLKA\" srcset=\"https:\/\/www.emperorsboardgame.cz\/wp-content\/uploads\/2019\/03\/jarda.jpg 837w, https:\/\/www.emperorsboardgame.cz\/wp-content\/uploads\/2019\/03\/jarda-300x300.jpg 300w, https:\/\/www.emperorsboardgame.cz\/wp-content\/uploads\/2019\/03\/jarda-150x150.jpg 150w, https:\/\/www.emperorsboardgame.cz\/wp-content\/uploads\/2019\/03\/jarda-768x768.jpg 768w\" sizes=\"auto, (max-width: 837px) 100vw, 837px\" \/>\n                <\/div>\n                <div class=\"ugb-team-member__content\">\n                    <div class=\"ugb-team-member__title\">\n                        <h4 class=\"ugb-team-member__name\">JAROSLAV KOBYLKA<\/h4>\n                        <p class=\"ugb-team-member__position\">Autor hry, mana\u017eer projektu<\/p>\n                    <\/div>\n                <\/div>\n            <\/div>\n        <\/div>\n    <\/div>\n<\/div>\n<\/div>\n\n\n\n<div class=\"wp-block-column is-layout-flow wp-block-column-is-layout-flow\">\n<div class=\"wp-block-ugb-team-member ugb-team-member ugb-97dde0f ugb-team-member--v3 ugb-team-member--design-plain ugb-team-member--columns-1 ugb-main-block\"><style>.ugb-97dde0f .ugb-img{-webkit-mask-image:url('data:image\/svg+xml;base64,PHN2ZyB2aWV3Qm94PSIwIDAgMTAwIDEwMCIgeG1sbnM9Imh0dHA6Ly93d3cudzMub3JnLzIwMDAvc3ZnIj48Y2lyY2xlIGN4PSI1MCIgY3k9IjUwIiByPSI1MCI+PC9jaXJjbGU+PC9zdmc+');mask-image:url('data:image\/svg+xml;base64,PHN2ZyB2aWV3Qm94PSIwIDAgMTAwIDEwMCIgeG1sbnM9Imh0dHA6Ly93d3cudzMub3JnLzIwMDAvc3ZnIj48Y2lyY2xlIGN4PSI1MCIgY3k9IjUwIiByPSI1MCI+PC9jaXJjbGU+PC9zdmc+')}@media screen and (min-width:768px){.ugb-97dde0f .ugb-img{width:150px;height:auto !important}}@media screen and (min-width:1025px){.ugb-97dde0f .ugb-team-member__image{width:150px !important}}<\/style><div class=\"ugb-inner-block\"><div class=\"ugb-block-content\"><div class=\"ugb-team-member__item ugb-team-member__item1\"><div class=\"ugb-team-member__image\"><img loading=\"lazy\" decoding=\"async\" width=\"981\" height=\"981\" class=\"ugb-img wp-image-103 ugb-img--shape\" src=\"https:\/\/emperorsboardgame.wasmer.app\/wp-content\/uploads\/2019\/03\/ady2.png\" alt=\"ADAM PROCH\u00c1ZKA\" srcset=\"https:\/\/www.emperorsboardgame.cz\/wp-content\/uploads\/2019\/03\/ady2.png 981w, https:\/\/www.emperorsboardgame.cz\/wp-content\/uploads\/2019\/03\/ady2-300x300.png 300w, https:\/\/www.emperorsboardgame.cz\/wp-content\/uploads\/2019\/03\/ady2-150x150.png 150w, https:\/\/www.emperorsboardgame.cz\/wp-content\/uploads\/2019\/03\/ady2-768x768.png 768w\" sizes=\"auto, (max-width: 981px) 100vw, 981px\" \/><\/div><div class=\"ugb-team-member__content\"><div class=\"ugb-team-member__title\"><h4 class=\"ugb-team-member__name\">ADAM PROCH\u00c1ZKA<\/h4><p class=\"ugb-team-member__position\">Autor hry, hern\u00ed design<\/p><\/div><\/div><\/div><\/div><\/div><\/div>\n<\/div>\n<\/div>\n\n\n\n<p><\/p>\n","protected":false},"excerpt":{"rendered":"<p>JAROSLAV KOBYLKA Autor hry, mana\u017eer projektu ADAM PROCH\u00c1ZKA Autor hry, hern\u00ed design<\/p>\n","protected":false},"author":2,"featured_media":0,"parent":0,"menu_order":0,"comment_status":"closed","ping_status":"closed","template":"page-templates\/centered.php","meta":{"_uag_custom_page_level_css":"","footnotes":""},"class_list":["post-100","page","type-page","status-publish","hentry"],"featured_image_src":null,"featured_image_src_square":null,"uagb_featured_image_src":{"full":false,"thumbnail":false,"medium":false,"medium_large":false,"large":false,"1536x1536":false,"2048x2048":false,"gb-block-post-grid-landscape":false,"gb-block-post-grid-square":false,"type-medium":false,"type-large":false,"type-fullwidth":false},"uagb_author_info":{"display_name":"Jaroslav","author_link":"https:\/\/www.emperorsboardgame.cz\/?author=2"},"uagb_comment_info":0,"uagb_excerpt":"JAROSLAV KOBYLKA Autor hry, mana\u017eer projektu ADAM PROCH\u00c1ZKA Autor hry, hern\u00ed design","_links":{"self":[{"href":"https:\/\/www.emperorsboardgame.cz\/index.php?rest_route=\/wp\/v2\/pages\/100","targetHints":{"allow":["GET"]}}],"collection":[{"href":"https:\/\/www.emperorsboardgame.cz\/index.php?rest_route=\/wp\/v2\/pages"}],"about":[{"href":"https:\/\/www.emperorsboardgame.cz\/index.php?rest_route=\/wp\/v2\/types\/page"}],"author":[{"embeddable":true,"href":"https:\/\/www.emperorsboardgame.cz\/index.php?rest_route=\/wp\/v2\/users\/2"}],"replies":[{"embeddable":true,"href":"https:\/\/www.emperorsboardgame.cz\/index.php?rest_route=%2Fwp%2Fv2%2Fcomments&post=100"}],"version-history":[{"count":0,"href":"https:\/\/www.emperorsboardgame.cz\/index.php?rest_route=\/wp\/v2\/pages\/100\/revisions"}],"wp:attachment":[{"href":"https:\/\/www.emperorsboardgame.cz\/index.php?rest_route=%2Fwp%2Fv2%2Fmedia&parent=100"}],"curies":[{"name":"wp","href":"https:\/\/api.w.org\/{rel}","templated":true}]}}