{"id":15,"date":"2019-03-14T21:26:19","date_gmt":"2019-03-14T20:26:19","guid":{"rendered":"http:\/\/emperorsboardgame.cz\/?page_id=15"},"modified":"2019-03-14T21:26:19","modified_gmt":"2019-03-14T20:26:19","slug":"o-deskove-hre","status":"publish","type":"page","link":"https:\/\/www.emperorsboardgame.cz\/","title":{"rendered":"O deskov\u00e9 h\u0159e"},"content":{"rendered":"\n<div class=\"wp-block-ugb-cta ugb-cta ugb-d7a1902 ugb-cta ugb-cta--v2 ugb-main-block\" id=\"\"><style>.ugb-d7a1902 .ugb-cta__title,.ugb-d7a1902 .ugb-cta__description,.ugb-d7a1902 .ugb-button-container{text-align:center !important}.ugb-d7a1902 .ugb-cta__item{border-radius:12px !important}.ugb-d7a1902 .ugb-button{border-radius:4px !important}.ugb-d7a1902 .ugb-button:before{border-radius:4px !important}.ugb-d7a1902 .ugb-inner-block{text-align:center}<\/style><div class=\"ugb-inner-block\"><div class=\"ugb-block-content\"><div class=\"ugb-cta__item ugb--shadow-3\"><h3 class=\"ugb-cta__title\">Hra je nyn\u00ed ve f\u00e1zi v\u00fdvoje!<\/h3><p class=\"ugb-cta__description\"> <em>Emperors je strategick\u00e1 stoln\u00ed hra pro 2-4 hr\u00e1\u010de od 15 let. Pr\u016fm\u011brn\u00e1 hern\u00ed doba je 180 minut.<\/em> <\/p><div class=\"ugb-button-container\"><a class=\"ugb-button ugb-button--size-normal\" href=\"https:\/\/emperorsboardgame.wasmer.app\/clanky\/\" rel=\"\"><span class=\"ugb-button--inner\">Nejnov\u011bj\u0161\u00ed \u010dl\u00e1nky<\/span><\/a><\/div><\/div><\/div><\/div><\/div>\n\n\n\n<hr class=\"wp-block-separator\"\/>\n\n\n\n<h3 class=\"has-text-align-center wp-block-heading\">Prolog.<\/h3>\n\n\n\n<p>\u0158\u00edmsk\u00e1 \u0159\u00ed\u0161e je v trosk\u00e1ch, roztrhan\u00e1 na mal\u00e9 provincie. Strach a b\u00edda je na denn\u00edm po\u0159\u00e1dku. Nikdo nem\u00e1 dostate\u010dnou moc, aby s t\u00edm skoncoval. Kde je t\u011bch 700 let nesmrteln\u00e9 \u0159\u00ed\u0161e, historie a z\u00e1klad\u016f na\u0161\u00ed civilizace? Kde je 700 let vzd\u011blanosti, um\u011bn\u00ed a prosperity? T\u011bch 700 let, ve kter\u00fdch se rodil jeden tit\u00e1n vedle druh\u00e9ho, osobnosti, jen\u017e zn\u00e1me dodnes&#8230;  <\/p>\n\n\n\n<p>V\u017eijte se do role n\u011bkter\u00e9ho z v\u00fdznamn\u00fdch c\u00edsa\u0159\u016f \u0158\u00edmsk\u00e9 \u0159\u00ed\u0161e a ve\u010fte sv\u00e9 legie hrd\u011b do boje.  Potla\u010dte vp\u00e1dy barbar\u016f, slo\u017ete ob\u011bti Martovi, vyrovnejte se se zradou leg\u00e1t\u016f, nebo oslavte Bakchan\u00e1lie \u2013 slavnosti \u017eivota a v\u00edna. Porazte ostatn\u00ed c\u00edsa\u0159e a uka\u017ete, \u017ee pr\u00e1v\u011b ten v\u00e1\u0161 je nejlep\u0161\u00ed vl\u00e1dce v\u0161ech dob.  <\/p>\n\n\n\n<p>Jen jeden tr\u016fn je v \u0158\u00edm\u011b, jen jeden m\u016f\u017ee b\u00fdt c\u00edsa\u0159. \n\n<\/p>\n\n\n\n<hr class=\"wp-block-separator\"\/>\n\n\n\n<div class=\"wp-block-image\"><figure class=\"aligncenter\"><img loading=\"lazy\" decoding=\"async\" width=\"2000\" height=\"497\" src=\"https:\/\/emperorsboardgame.wasmer.app\/wp-content\/uploads\/2019\/03\/emperors_promo_prototyp_2.jpg\" alt=\"\" class=\"wp-image-84\" srcset=\"https:\/\/www.emperorsboardgame.cz\/wp-content\/uploads\/2019\/03\/emperors_promo_prototyp_2.jpg 2000w, https:\/\/www.emperorsboardgame.cz\/wp-content\/uploads\/2019\/03\/emperors_promo_prototyp_2-300x75.jpg 300w, https:\/\/www.emperorsboardgame.cz\/wp-content\/uploads\/2019\/03\/emperors_promo_prototyp_2-1024x254.jpg 1024w, https:\/\/www.emperorsboardgame.cz\/wp-content\/uploads\/2019\/03\/emperors_promo_prototyp_2-768x191.jpg 768w, https:\/\/www.emperorsboardgame.cz\/wp-content\/uploads\/2019\/03\/emperors_promo_prototyp_2-1536x382.jpg 1536w\" sizes=\"auto, (max-width: 2000px) 100vw, 2000px\" \/><\/figure><\/div>\n\n\n\n<hr class=\"wp-block-separator\"\/>\n\n\n\n<h3 class=\"has-text-align-center wp-block-heading\">Vydejte se vlastn\u00ed cestou.<\/h3>\n\n\n\n<p class=\"has-text-align-center\">Nehle\u010fte na minulost. Na tr\u016fn m\u016f\u017ee usednout pouze pr\u00e1voplatn\u00fd c\u00edsa\u0159 &#8211; a t\u00edm jste zcela jist\u011b pr\u00e1v\u011b Vy!<\/p>\n\n\n\n<div class=\"wp-block-columns has-2-columns is-layout-flex wp-container-core-columns-is-layout-28f84493 wp-block-columns-is-layout-flex\">\n<div class=\"wp-block-column is-layout-flow wp-block-column-is-layout-flow\">\n<div class=\"wp-block-image\"><figure class=\"aligncenter\"><img loading=\"lazy\" decoding=\"async\" width=\"100\" height=\"101\" src=\"https:\/\/emperorsboardgame.wasmer.app\/wp-content\/uploads\/2019\/03\/emp_about_icno.png\" alt=\"\" class=\"wp-image-78\"\/><\/figure><\/div>\n\n\n\n<p>Hrajte za jednoho z <strong>osmi<\/strong> proslul\u00fdch \u0159\u00edmsk\u00fdch c\u00edsa\u0159\u016f &#8211; <em>Justini\u00e1na I.<\/em>, <em>Marca Aurelia<\/em>, <em>Traina<\/em>, nebo legend\u00e1rn\u00edho C<em>aesara<\/em> a dal\u0161\u00ed.  <br><br>Ka\u017ed\u00fd c\u00edsa\u0159 m\u00e1 svou speci\u00e1ln\u00ed schopnost a startovn\u00ed provincii.   <\/p>\n<\/div>\n\n\n\n<div class=\"wp-block-column is-layout-flow wp-block-column-is-layout-flow\">\n<div class=\"wp-block-image\"><figure class=\"aligncenter\"><img loading=\"lazy\" decoding=\"async\" width=\"100\" height=\"101\" src=\"https:\/\/emperorsboardgame.wasmer.app\/wp-content\/uploads\/2019\/03\/emp_about_icno.png\" alt=\"\" class=\"wp-image-78\"\/><\/figure><\/div>\n\n\n\n<p>Velte a\u017e <strong>p\u011bti<\/strong> leg\u00e1t\u016fm a jejich legi\u00edm. K slu\u017eb\u00e1m v\u00e1m bude <em>Titus Labienus<\/em> z galsk\u00e9 legie <em>III. Gallica<\/em>,  <em>Salvidius Rufus<\/em> a jeho legie <em>XX. Valeria Victrix<\/em> &#8211; V\u00edt\u011bzn\u00fd \u010cern\u00fd orel a dal\u0161\u00ed.<br><br>10 z 20 leg\u00e1t\u016f m\u00e1 svou speci\u00e1ln\u00ed schopnost. <\/p>\n<\/div>\n<\/div>\n\n\n\n<hr class=\"wp-block-separator is-style-default\"\/>\n\n\n\n<h3 class=\"has-text-align-center wp-block-heading\">P\u0159i\u0161el jsem, vid\u011bl jsem&#8230; zahr\u00e1l jsem. <\/h3>\n\n\n\n<p class=\"has-text-align-center\">D\u011blat promy\u0161len\u00e9 kroky se vyplat\u00ed. A i kdy\u017e prohr\u00e1v\u00e1te, nic nen\u00ed ztraceno. Vytrvejte a bohov\u00e9 V\u00e1m budou naklon\u011bni! <\/p>\n\n\n\n<div class=\"wp-block-columns has-3-columns is-layout-flex wp-container-core-columns-is-layout-28f84493 wp-block-columns-is-layout-flex\">\n<div class=\"wp-block-column is-layout-flow wp-block-column-is-layout-flow\">\n<div class=\"wp-block-image\"><figure class=\"aligncenter\"><img loading=\"lazy\" decoding=\"async\" width=\"100\" height=\"101\" src=\"https:\/\/emperorsboardgame.wasmer.app\/wp-content\/uploads\/2019\/03\/emp_about_icno.png\" alt=\"\" class=\"wp-image-78\"\/><\/figure><\/div>\n\n\n\n<h4 class=\"has-text-align-center wp-block-heading\">Ak\u010dn\u00ed karty<\/h4>\n\n\n\n<p>Prov\u00e1d\u011bjte r\u016fzn\u00e9 akce s <strong>Ak\u010dn\u00edmi <\/strong>kartami &#8211; vy\u0161lete <em>Velvyslance<\/em> jen\u017e v\u00e1m zajist\u00ed do\u010dasn\u00fd m\u00edr, uskute\u010dn\u011bte po\u0161kozuj\u00edc\u00ed <em>Recitaci v Sen\u00e1tu<\/em>, kter\u00e1 sn\u00ed\u017e\u00ed <strong>D\u016fv\u011bru<\/strong> vybran\u00e9ho protihr\u00e1\u010de, \u010di seberte plody <em>Klientsk\u00e9ho kr\u00e1le<\/em> v podob\u011b nov\u00fdch jednotek. <br><br>Pozor! I <strong>Ak\u010dn\u00ed<\/strong> karty v\u0161ak p\u0159i l\u00edz\u00e1n\u00ed skr\u00fdvaj\u00ed nebezpe\u010d\u00ed jako je <em>Zrada leg\u00e1ta<\/em>, nebo <em>Hn\u011bv Jupitera<\/em>.  <\/p>\n<\/div>\n\n\n\n<div class=\"wp-block-column is-layout-flow wp-block-column-is-layout-flow\">\n<div class=\"wp-block-image\"><figure class=\"aligncenter\"><img loading=\"lazy\" decoding=\"async\" width=\"100\" height=\"101\" src=\"https:\/\/emperorsboardgame.wasmer.app\/wp-content\/uploads\/2019\/03\/emp_about_icno.png\" alt=\"\" class=\"wp-image-78\"\/><\/figure><\/div>\n\n\n\n<h4 class=\"has-text-align-center wp-block-heading\">Ud\u00e1losti<\/h4>\n\n\n\n<p>Reagujte na <strong>Ud\u00e1losti<\/strong>, kter\u00e9 se ka\u017ed\u00e9 kolo m\u011bn\u00ed. B\u011bhem hry v\u00e1s tak m\u016f\u017ee potkat <em>Choroba<\/em>, <em>V\u00e1lka gang\u016f<\/em>, <em>Slavnosti Eskula<\/em>, \u010di <em>Olympijsk\u00e9 hry<\/em>.<br><br>V r\u00e1mci <strong>Ud\u00e1lost\u00ed<\/strong> m\u016f\u017ee doj\u00edt i ke vp\u00e1d\u016fm barbar\u016f &#8211; <em>Maur\u016f<\/em>, <em>Aleman\u016f<\/em>, nebo <em>Rh\u00f3dsk\u00fdch pir\u00e1t\u016f<\/em>. Pokud se jim nepostav\u00edte v\u010das, jejich postup zp\u016fsob\u00ed ztr\u00e1tu mnoha <strong>Provinci\u00ed<\/strong>. <\/p>\n<\/div>\n\n\n\n<div class=\"wp-block-column is-layout-flow wp-block-column-is-layout-flow\">\n<div class=\"wp-block-image\"><figure class=\"aligncenter\"><img loading=\"lazy\" decoding=\"async\" width=\"100\" height=\"101\" src=\"https:\/\/emperorsboardgame.wasmer.app\/wp-content\/uploads\/2019\/03\/emp_about_icno.png\" alt=\"\" class=\"wp-image-78\"\/><\/figure><\/div>\n\n\n\n<h4 class=\"has-text-align-center wp-block-heading\">Jednotky<\/h4>\n\n\n\n<p>Sv\u00fdmi legiemi, sest\u00e1vaj\u00edc\u00edmi z jednotek <em>Legion\u00e1\u0159\u016f<\/em>, <em>J\u00edzdy<\/em>, <em>Lu\u010di\u0161tn\u00edk\u016f <\/em>a <em>Kopin\u00edk\u016f<\/em> dobyjte co nejv\u00edce \u00fazem\u00ed. Ka\u017ed\u00e1 <strong>Jednotka<\/strong> m\u016f\u017ee b\u00fdt <em>Bojeschopn\u00e1<\/em>, nebo <em>Zran\u011bn\u00e1<\/em>, co\u017e ovliv\u0148uje (nejen) stav cel\u00e9 legie. V r\u00e1mci boje vyu\u017eijte speci\u00e1ln\u00edch karet <strong>Formac\u00ed<\/strong>, je\u017e daj\u00ed protivn\u00edkovi \u0159\u00e1dn\u011b zabrat.<br><br>Nejv\u00edce <strong>Jednotek<\/strong> lze z\u00edskat z <strong>Provinci\u00ed<\/strong>, nebo d\u00edky <strong>Ak\u010dn\u00edm<\/strong> kart\u00e1m.<\/p>\n<\/div>\n<\/div>\n\n\n\n<p><\/p>\n\n\n\n<hr class=\"wp-block-separator is-style-default\"\/>\n\n\n\n<h3 class=\"has-text-align-center wp-block-heading\">Upevn\u011bte svou moc a dobyjte \u0158\u00edm.<\/h3>\n\n\n\n<p class=\"has-text-align-center\">Kl\u00ed\u010dem k v\u00edt\u011bzstv\u00ed je obsazen\u00ed co nejv\u00edce Provinci\u00ed, z\u00edsk\u00e1n\u00ed Vlivu, ale tak\u00e9 udr\u017een\u00ed si dostate\u010dn\u00e9 D\u016fv\u011bry. Jedin\u011b spln\u011bn\u00edm pot\u0159ebn\u00fdch krit\u00e9ri\u00ed lze sv\u00e9st fin\u00e1ln\u00ed bitvu o \u0158\u00edm!<\/p>\n\n\n\n<div class=\"wp-block-columns has-3-columns is-layout-flex wp-container-core-columns-is-layout-28f84493 wp-block-columns-is-layout-flex\">\n<div class=\"wp-block-column is-layout-flow wp-block-column-is-layout-flow\">\n<div class=\"wp-block-image\"><figure class=\"aligncenter\"><img loading=\"lazy\" decoding=\"async\" width=\"100\" height=\"101\" src=\"https:\/\/emperorsboardgame.wasmer.app\/wp-content\/uploads\/2019\/03\/emp_about_icno.png\" alt=\"\" class=\"wp-image-78\"\/><\/figure><\/div>\n\n\n\n<h4 class=\"has-text-align-center wp-block-heading\">Provincie<\/h4>\n\n\n\n<p>Hern\u00ed mapa obsahuje <strong>40<\/strong> provinci\u00ed, p\u0159i\u010dem\u017e ka\u017edou lze dle stavu pomoc\u00ed legi\u00ed <em>obsadit<\/em>, <em>anektova<\/em>t, nebo <em>dob\u00fdt<\/em>. <br><br>Ka\u017ed\u00e1 <strong>Provincie<\/strong> generuje ur\u010ditou hodnotu <strong>Vlivu<\/strong> a <strong>Jednotek<\/strong>.<br><\/p>\n<\/div>\n\n\n\n<div class=\"wp-block-column is-layout-flow wp-block-column-is-layout-flow\">\n<div class=\"wp-block-image\"><figure class=\"aligncenter\"><img loading=\"lazy\" decoding=\"async\" width=\"100\" height=\"101\" src=\"https:\/\/emperorsboardgame.wasmer.app\/wp-content\/uploads\/2019\/03\/emp_about_icno.png\" alt=\"\" class=\"wp-image-78\"\/><\/figure><\/div>\n\n\n\n<h4 class=\"has-text-align-center wp-block-heading\">VLIV<\/h4>\n\n\n\n<p>Nejd\u016fle\u017eit\u011bj\u0161\u00ed hodnota, prim\u00e1rn\u011b z\u00edsk\u00e1v\u00e1na z <strong>Provinci\u00ed<\/strong>, ale tak\u00e9 <em>bojem legi\u00ed<\/em>, nebo za pomoci <strong>Ak\u010dn\u00edch<\/strong> karet. \u010c\u00edm v\u00edce vlivu, t\u00edm v\u00edce leg\u00e1t\u016f.<br><br>O <strong>Vliv <\/strong>lze rychle p\u0159ij\u00edt ztr\u00e1tou <strong>Provincie<\/strong>, nebo n\u00edzkou hodnotou <strong>D\u016fv\u011bry<\/strong>.<\/p>\n<\/div>\n\n\n\n<div class=\"wp-block-column is-layout-flow wp-block-column-is-layout-flow\">\n<div class=\"wp-block-image\"><figure class=\"aligncenter\"><img loading=\"lazy\" decoding=\"async\" width=\"100\" height=\"101\" src=\"https:\/\/emperorsboardgame.wasmer.app\/wp-content\/uploads\/2019\/03\/emp_about_icno.png\" alt=\"\" class=\"wp-image-78\"\/><\/figure><\/div>\n\n\n\n<h4 class=\"has-text-align-center wp-block-heading\">D\u016eV\u011aRA<\/h4>\n\n\n\n<p>C\u00edsa\u0159 mus\u00ed b\u00fdt osobnost. Vysok\u00e1 d\u016fv\u011bra p\u0159in\u00e1\u0161\u00ed bonus ve form\u011b<em> <\/em><strong>Ak\u010dn\u00ed<\/strong> karty nav\u00edc, naopak n\u00edzk\u00e1 d\u016fv\u011bra zp\u016fsobuje ztr\u00e1tu <strong>Vlivu<\/strong>. <br><br>Na <strong>D\u016fv\u011bru<\/strong> maj\u00ed vliv pouze <strong>Ak\u010dn\u00ed<\/strong> karty, nebo <strong>Ud\u00e1losti<\/strong>, jejich\u017e efekt m\u016f\u017ee m\u00edt p\u0159i n\u00edzk\u00e9 d\u016fv\u011b\u0159e fat\u00e1ln\u00ed n\u00e1sledky. <\/p>\n<\/div>\n<\/div>\n","protected":false},"excerpt":{"rendered":"<p>Prolog. \u0158\u00edmsk\u00e1 \u0159\u00ed\u0161e je v trosk\u00e1ch, roztrhan\u00e1 na mal\u00e9 provincie. Strach a b\u00edda je na denn\u00edm po\u0159\u00e1dku. Nikdo nem\u00e1 dostate\u010dnou moc, aby s t\u00edm skoncoval. [&hellip;] <span class=\"read-more-link\"><a class=\"read-more\" href=\"https:\/\/www.emperorsboardgame.cz\/\">Read More<\/a><\/span><\/p>\n","protected":false},"author":2,"featured_media":0,"parent":0,"menu_order":0,"comment_status":"closed","ping_status":"closed","template":"page-templates\/fullwidth.php","meta":{"_uag_custom_page_level_css":"","footnotes":""},"class_list":["post-15","page","type-page","status-publish","hentry"],"featured_image_src":null,"featured_image_src_square":null,"uagb_featured_image_src":{"full":false,"thumbnail":false,"medium":false,"medium_large":false,"large":false,"1536x1536":false,"2048x2048":false,"gb-block-post-grid-landscape":false,"gb-block-post-grid-square":false,"type-medium":false,"type-large":false,"type-fullwidth":false},"uagb_author_info":{"display_name":"Jaroslav","author_link":"https:\/\/www.emperorsboardgame.cz\/?author=2"},"uagb_comment_info":0,"uagb_excerpt":"Prolog. \u0158\u00edmsk\u00e1 \u0159\u00ed\u0161e je v trosk\u00e1ch, roztrhan\u00e1 na mal\u00e9 provincie. Strach a b\u00edda je na denn\u00edm po\u0159\u00e1dku. Nikdo nem\u00e1 dostate\u010dnou moc, aby s t\u00edm skoncoval. [&hellip;] Read More","_links":{"self":[{"href":"https:\/\/www.emperorsboardgame.cz\/index.php?rest_route=\/wp\/v2\/pages\/15","targetHints":{"allow":["GET"]}}],"collection":[{"href":"https:\/\/www.emperorsboardgame.cz\/index.php?rest_route=\/wp\/v2\/pages"}],"about":[{"href":"https:\/\/www.emperorsboardgame.cz\/index.php?rest_route=\/wp\/v2\/types\/page"}],"author":[{"embeddable":true,"href":"https:\/\/www.emperorsboardgame.cz\/index.php?rest_route=\/wp\/v2\/users\/2"}],"replies":[{"embeddable":true,"href":"https:\/\/www.emperorsboardgame.cz\/index.php?rest_route=%2Fwp%2Fv2%2Fcomments&post=15"}],"version-history":[{"count":0,"href":"https:\/\/www.emperorsboardgame.cz\/index.php?rest_route=\/wp\/v2\/pages\/15\/revisions"}],"wp:attachment":[{"href":"https:\/\/www.emperorsboardgame.cz\/index.php?rest_route=%2Fwp%2Fv2%2Fmedia&parent=15"}],"curies":[{"name":"wp","href":"https:\/\/api.w.org\/{rel}","templated":true}]}}